 + w. Suppose 0 = -a + f + 20, 3*a + 4*f - 59 = d. List the prime factors of a.
2, 11
Let s(l) = -l**3 + 4*l**2 - l + 4. Let p be (1 - -1)*(-26)/(-13). Let h be s(p). Suppose 5*v - 42 = -h*v + o, 4*v - 30 = 2*o. List the prime factors of v.
3
Let b(p) = -64*p + 242. What are the prime factors of b(-14)?
2, 569
Let c be (-15)/(-6) - (-7)/14. Suppose c*q = -x - 11, 0 = x - 4*x + q + 7. What are the prime factors of ((-2)/4)/(x/(-130))?
5, 13
Let q(m) = -51*m - 366. List the prime factors of q(-13).
3, 11
Suppose 3*z - 4*f - 18 = 0, 2*z - 3 = -4*f - 11. Suppose -2*i - z*h = -178 - 182, -i - 2*h + 184 = 0. What are the prime factors of i?
2, 11
Let j(q) = -q**3 + 5*q**2 - q - 3. Let c be j(4). Suppose 7*h = 3*h - 5*r + 23, c = 2*h + 3*r. What are the prime factors of h?
2, 3
Suppose -110888 = -85*g + 2*g. What are the prime factors of g?
2, 167
Suppose 5*x - 8*d - 649 = -4*d, 133 = x - 4*d. What are the prime factors of x?
3, 43
Suppose 9 = 4*q - q. Suppose -2*s = s - q*d - 306, 3*s - 2*d - 304 = 0. List the prime factors of s.
2, 5
Let w = 168 - 86. Suppose 0 = 4*h - 574 - w. List the prime factors of h.
2, 41
Suppose 0 = 22*v - 19316 - 59444. What are the prime factors of v?
2, 5, 179
Let n(r) = -4*r**2 + r + 2. Let v be n(2). Let c be 1*12*v/4. Let d = c - -56. List the prime factors of d.
2, 5
Let w = 64 + 123. Let r = -98 + w. What are the prime factors of r?
89
Suppose 0 = -4*s + s. Let o = 3 + s. Suppose -m + 13 = -o. List the prime factors of m.
2
Let v(g) = 2*g**2. Let f be v(-1). Let t(r) = 7*r**3 + r**2 - 3*r + 2. List the prime factors of t(f).
2, 7
Let b = -16 - -20. List the prime factors of 4 - (-49 + b/2).
3, 17
Suppose 12 = 4*c - 0*c. Suppose -2*m = -c - 37. Suppose -48 = -0*h - 2*h - 5*n, 0 = -2*h + 2*n + m. What are the prime factors of h?
2, 7
What are the prime factors of 7 + -3 - -3965 - (24 + -20)?
5, 13, 61
Let j = 624 + -186. List the prime factors of j.
2, 3, 73
Let n(k) = 37*k**2 + k + 18. What are the prime factors of n(-2)?
2, 41
Suppose -3*b - 5*d = -7*b + 61, -2*b + 32 = -4*d. List the prime factors of b/(-28) - (-110)/4.
3
Let x(q) = -q**2 - 37*q + 14. What are the prime factors of x(-36)?
2, 5
Let b = 1453 - 834. Suppose 2*v + 2 - 12 = 0, 4*v + b = 3*o. List the prime factors of o.
3, 71
Suppose -2*v + 18 = -4*t, -v + 7 = -4*t - 4. Let q(o) = 5*o - 3*o**2 - 2 - o + v*o + 2*o**2. What are the prime factors of q(4)?
2, 13
Suppose 4*j + 0*j - 2*s - 6 = 0, 15 = -3*j - 5*s. Suppose b + j*b = -3. Let m(f) = 2*f**2 - 3*f + 3. List the prime factors of m(b).
2, 3, 5
Suppose 45*l + 1840 = 53*l. List the prime factors of l.
2, 5, 23
What are the prime factors of (-1471)/(-6) + 43/(-258)?
5, 7
Suppose 0 = -90*j + 84*j + 552. List the prime factors of j.
2, 23
Suppose -6*b + 7*b + 152 = 0. Let v = b - -232. List the prime factors of v.
2, 5
Suppose -3*m = 3*m. Suppose -7 = -v + 4*r, 4*v + m*r - 28 = r. What are the prime factors of v?
7
Let l(j) = -38*j - 37. List the prime factors of l(-14).
3, 5, 11
Let j be (-5 - -12)*(2 + 3). Let b = j - 30. Suppose -3*n + b*t + 77 = -51, -t = 4*n - 209. What are the prime factors of n?
3, 17
Suppose 2*q + 442 - 5553 = -5*c, 4*q - 4*c - 10264 = 0. Suppose -9*u - q = -20*u. What are the prime factors of u?
233
Suppose 3*v = -t + 1111, 27*t = 25*t - 10. List the prime factors of v.
2, 3, 31
Suppose 2110 = 4*q - 0*u - u, -3*q - 2*u = -1577. What are the prime factors of q?
17, 31
List the prime factors of 8/(-16)*74*-27.
3, 37
What are the prime factors of 2/(-48)*-16 - (-5116)/3?
2, 853
What are the prime factors of -7 + (-4)/(-3)*546?
7, 103
Let n be 1394/3 + 10/(-15). Suppose -580 = -5*v + 4*g - 6*g, 4*v + 4*g - n = 0. Suppose 2*h = -2*h, 4*l + 4*h = v. What are the prime factors of l?
29
Suppose 3*r - 7 = 2*s + 2*s, -3*s = -4*r + 14. Let f be 1*3 - (s - 4). Suppose f*g - 45 = 75. What are the prime factors of g?
2, 3
Let g(q) be the second derivative of 0*q**2 + 0 - 5*q + 1/4*q**4 + 0*q**3. What are the prime factors of g(-1)?
3
List the prime factors of 2*(-9045)/(-48) - 2/(-16).
13, 29
Let r(y) = y**3 + 5*y**2 - 8*y - 9. Let o be r(-6). Let f(t) = 7*t - 1. Let l(n) = -n. Let j(d) = -6*f(d) - 51*l(d). What are the prime factors of j(o)?
3, 11
Let z be -4 + 0 + 0/((-6)/(-3)). Let q = z + 14. What are the prime factors of q?
2, 5
Suppose 0*l = 5*l + 80. Let t = l + 19. Suppose -4*g + 37 = -t. What are the prime factors of g?
2, 5
What are the prime factors of (984/10)/(12 + (-2136)/180)?
2, 3, 41
Let g = 808 - 122. List the prime factors of g.
2, 7
Let u(t) = 2*t + 29. List the prime factors of u(11).
3, 17
Let z = 47 - 49. Let x(m) = -40*m + 1. What are the prime factors of x(z)?
3
Suppose 25*d - 33*d + 3128 = 0. List the prime factors of d.
17, 23
Let d(y) = y**3 - 16*y**2 + 20*y - 8. What are the prime factors of d(15)?
67
Suppose -956 = 46*w - 12732. What are the prime factors of w?
2
Suppose 0 = -4*r - 3*u + u - 4, r + 10 = -5*u. Suppose r = -5*d - d + 24. Suppose -4*c + 3*g + 316 = c, -d*g - 53 = -c. List the prime factors of c.
5, 13
Let g be 0/(3/(2 - -1)). Suppose -10*n + 201 + 609 = g. List the prime factors of n.
3
Suppose -q + 2*l = 16, -l + 1 = q + 2. Let n(b) = -4*b + 2. What are the prime factors of n(q)?
2, 13
Suppose 45 = 15*x - 0*x. Suppose 2*y - 3*y + 28 = -2*w, 0 = -x*y - w + 84. What are the prime factors of y?
2, 7
Suppose -26 = -5*y - 11. Let j be -4 + 9/y + 4. Suppose j*r - 33 = -2*k + k, -k = 2*r - 23. What are the prime factors of r?
2, 5
Suppose -f = -5*q - 3, -2*q - 5*f - 12 = -0*q. Let n be 28 - (8/(-2) - q). Let w = n + -10. List the prime factors of w.
3, 7
Let p(n) = -n**3 + 11*n**2 - 13*n + 22. Let b be p(10). List the prime factors of 2*-4*19/b.
19
What are the prime factors of (-8)/(-14) - ((-17932)/28 + -1)?
2, 3, 107
Let j(s) = 4*s**2 + 20*s + 10. List the prime factors of j(10).
2, 5, 61
Suppose -39*q = -8*q - 33480. What are the prime factors of q?
2, 3, 5
Let a(s) = -s - 2. Let r be a(-5). Suppose r*z - 6 = 0, z - 6*z - 32 = -h. List the prime factors of h.
2, 3, 7
Let j(t) = 12*t**2 + 0*t**2 - 5*t**3 + 9 + 4*t**3 - 8*t. Let x be j(9). Suppose 5*q - 39 = -3*z + 69, x = 5*z - 3*q. List the prime factors of z.
2, 3
Let a(y) = -4*y - 11. Suppose 0 = -3*k + 4*k - 2*v, -v + 25 = -3*k. List the prime factors of a(k).
29
Let p(b) = -8*b**2 + 13*b - 3*b**2 - 9 - 3*b**2 + b**3 + 0*b**3. Let f be p(13). List the prime factors of (-6)/f*(-57)/(-2).
19
Let p = 312 + -126. List the prime factors of p.
2, 3, 31
Let q(g) = g**3 + g**2 + 2. Let s be q(0). Suppose 5*f = s*f + 15. Suppose -f*i + 74 = -36. List the prime factors of i.
2, 11
List the prime factors of (-2 - 35/(-10))*768.
2, 3
Let p(v) = -v - 9. Let r be p(-9). Suppose -2*z + 6 = 0, r = 3*n - n + 4*z - 12. List the prime factors of 1 + n - (-4 - 18).
23
What are the prime factors of (3333/12)/11*12?
3, 101
Suppose -6*s + 15 = -9. Suppose -5*g = s*p - 972, 2*p = 2*g - 225 - 153. What are the prime factors of g?
2, 3
Let y(n) = -n**2 + 19*n + 20. Let x be y(11). Let m = 181 - x. What are the prime factors of m?
73
Suppose 2*g + 8 = 0, -4*g + 8 = -t + 26. Let v(n) = -2*n**2 - 8 + n**t + 8 - 13*n. List the prime factors of v(-10).
2, 3, 5
Let k(j) = j**2 + 7*j - 4. Let p be k(-7). What are the prime factors of 37 + (0 - 3) + p?
2, 3, 5
Suppose -5*n - 4*n = -3186. List the prime factors of n.
2, 3, 59
Let d be (-40)/5*(-3)/6. Let o = 75 - d. List the prime factors of o.
71
Let g = -146 + 103. Let a = g + 217. List the prime factors of a.
2, 3, 29
Suppose -2*t + 23*t - 2667 = 0. What are the prime factors of t?
127
Suppose -3*f + 3*d - 6*d = -18, f + 5*d = 26. Let i be (3 + -82)/(f/(-2)). Let r = -94 + i. List the prime factors of r.
2
Suppose -2*r = -3*t + r - 9, 5*r = 20. Suppose -4*a - 86 = -3*q, t = -5*a - 9. Let c = q + -8. List the prime factors of c.
2, 3
What are the prime factors of (20/35)/(2/14567)?
2, 2081
Let x be 176/56 + 1/(-7). Let r(y) = -17*y + 9. Let t be r(x). What are the prime factors of (-271)/(-7) + (-12)/t?
3, 13
Suppose 8*n - 3536 = 864. List the prime factors of n.
2, 5, 11
Suppose 40*d - 45*d + 470 = 0. List the prime factors of d.
2, 47
What are the prime factors of (-14)/((-12)/6)*38?
2, 7, 19
Suppose -2*z + 2 + 0 = u, -5*z + 8 = 4*u. Let b(o) = 3*o**2 + o - 6. Let a be b(u).